{"id":1517,"date":"2023-05-11T13:22:46","date_gmt":"2023-05-11T11:22:46","guid":{"rendered":"https:\/\/www.memorial-odlozil.cz\/?page_id=1517"},"modified":"2024-02-15T20:12:12","modified_gmt":"2024-02-15T19:12:12","slug":"rekordy-2","status":"publish","type":"page","link":"https:\/\/www.memorial-odlozil.cz\/?page_id=1517&lang=en","title":{"rendered":"Rekordy 2"},"content":{"rendered":"\t\t<div data-elementor-type=\"wp-page\" data-elementor-id=\"1517\" class=\"elementor elementor-1517\">\n\t\t\t\t\t\t\t\t\t<section class=\"elementor-section elementor-top-section elementor-element elementor-element-caf224d elementor-section-height-min-height elementor-section-content-bottom elementor-section-boxed elementor-section-height-default elementor-section-items-middle\" data-id=\"caf224d\" data-element_type=\"section\" data-settings=\"{&quot;background_background&quot;:&quot;classic&quot;}\">\n\t\t\t\t\t\t\t<div class=\"elementor-background-overlay\"><\/div>\n\t\t\t\t\t\t\t<div class=\"elementor-container elementor-column-gap-default\">\n\t\t\t\t\t<div class=\"elementor-column elementor-col-100 elementor-top-column elementor-element elementor-element-6f908dd\" data-id=\"6f908dd\" data-element_type=\"column\">\n\t\t\t<div class=\"elementor-widget-wrap elementor-element-populated\">\n\t\t\t\t\t\t\t\t<div class=\"elementor-element elementor-element-2f3dd91 elementor-widget elementor-widget-spacer\" data-id=\"2f3dd91\" data-element_type=\"widget\" data-widget_type=\"spacer.default\">\n\t\t\t\t<div class=\"elementor-widget-container\">\n\t\t\t<style>\/*! elementor - v3.6.5 - 27-04-2022 *\/\n.e-container.e-container--row .elementor-spacer-inner{width:var(--spacer-size)}.e-container.e-container--column .elementor-spacer-inner,.elementor-column .elementor-spacer-inner{height:var(--spacer-size)}<\/style>\t\t<div class=\"elementor-spacer\">\n\t\t\t<div class=\"elementor-spacer-inner\"><\/div>\n\t\t<\/div>\n\t\t\t\t<\/div>\n\t\t\t\t<\/div>\n\t\t\t\t<div class=\"elementor-element elementor-element-56d2722 elementor-widget elementor-widget-heading\" data-id=\"56d2722\" data-element_type=\"widget\" data-widget_type=\"heading.default\">\n\t\t\t\t<div class=\"elementor-widget-container\">\n\t\t\t<style>\/*! elementor - v3.6.5 - 27-04-2022 *\/\n.elementor-heading-title{padding:0;margin:0;line-height:1}.elementor-widget-heading .elementor-heading-title[class*=elementor-size-]>a{color:inherit;font-size:inherit;line-height:inherit}.elementor-widget-heading .elementor-heading-title.elementor-size-small{font-size:15px}.elementor-widget-heading .elementor-heading-title.elementor-size-medium{font-size:19px}.elementor-widget-heading .elementor-heading-title.elementor-size-large{font-size:29px}.elementor-widget-heading .elementor-heading-title.elementor-size-xl{font-size:39px}.elementor-widget-heading .elementor-heading-title.elementor-size-xxl{font-size:59px}<\/style><h1 class=\"elementor-heading-title elementor-size-default\">records\n<\/h1>\t\t<\/div>\n\t\t\t\t<\/div>\n\t\t\t\t<div class=\"elementor-element elementor-element-f2c20b1 elementor-widget elementor-widget-text-editor\" data-id=\"f2c20b1\" data-element_type=\"widget\" data-widget_type=\"text-editor.default\">\n\t\t\t\t<div class=\"elementor-widget-container\">\n\t\t\t<style>\/*! elementor - v3.6.5 - 27-04-2022 *\/\n.elementor-widget-text-editor.elementor-drop-cap-view-stacked .elementor-drop-cap{background-color:#818a91;color:#fff}.elementor-widget-text-editor.elementor-drop-cap-view-framed .elementor-drop-cap{color:#818a91;border:3px solid;background-color:transparent}.elementor-widget-text-editor:not(.elementor-drop-cap-view-default) .elementor-drop-cap{margin-top:8px}.elementor-widget-text-editor:not(.elementor-drop-cap-view-default) .elementor-drop-cap-letter{width:1em;height:1em}.elementor-widget-text-editor .elementor-drop-cap{float:left;text-align:center;line-height:1;font-size:50px}.elementor-widget-text-editor .elementor-drop-cap-letter{display:inline-block}<\/style>\t\t\t\t<p>RECORDS MEMORIAL JOSEF ODLO\u017dIL<\/p>\t\t\t\t\t\t<\/div>\n\t\t\t\t<\/div>\n\t\t\t\t<div class=\"elementor-element elementor-element-6b16739 elementor-mobile-align-left elementor-widget elementor-widget-button\" data-id=\"6b16739\" data-element_type=\"widget\" data-widget_type=\"button.default\">\n\t\t\t\t<div class=\"elementor-widget-container\">\n\t\t\t\t\t<div class=\"elementor-button-wrapper\">\n\t\t\t<a href=\"#e\" class=\"elementor-button-link elementor-button elementor-size-md\" role=\"button\">\n\t\t\t\t\t\t<span class=\"elementor-button-content-wrapper\">\n\t\t\t\t\t\t\t<span class=\"elementor-button-icon elementor-align-icon-left\">\n\t\t\t\t<i aria-hidden=\"true\" class=\"far fa-arrow-alt-circle-down\"><\/i>\t\t\t<\/span>\n\t\t\t\t\t\t<span class=\"elementor-button-text\">records<\/span>\n\t\t<\/span>\n\t\t\t\t\t<\/a>\n\t\t<\/div>\n\t\t\t\t<\/div>\n\t\t\t\t<\/div>\n\t\t\t\t\t<\/div>\n\t\t<\/div>\n\t\t\t\t\t\t\t<\/div>\n\t\t<\/section>\n\t\t\t\t<section class=\"elementor-section elementor-top-section elementor-element elementor-element-fb4dc25 elementor-section-boxed elementor-section-height-default elementor-section-height-default\" data-id=\"fb4dc25\" data-element_type=\"section\" id=\"e\">\n\t\t\t\t\t\t<div class=\"elementor-container elementor-column-gap-default\">\n\t\t\t\t\t<div class=\"elementor-column elementor-col-100 elementor-top-column elementor-element elementor-element-994a902\" data-id=\"994a902\" data-element_type=\"column\">\n\t\t\t<div class=\"elementor-widget-wrap elementor-element-populated\">\n\t\t\t\t\t\t\t\t<div class=\"elementor-element elementor-element-ccb7795 elementor-widget elementor-widget-text-editor\" data-id=\"ccb7795\" data-element_type=\"widget\" data-widget_type=\"text-editor.default\">\n\t\t\t\t<div class=\"elementor-widget-container\">\n\t\t\t\t\t\t\t<h2>MAN<\/h2><div class=\"table-responsive\"><table><tbody><tr><td width=\"15%\">100 m<\/td><td width=\"15%\">9.92<\/td><td class=\"name\" width=\"35%\">Mike RODGERS<\/td><td width=\"15%\"><img decoding=\"async\" title=\"United States of America\" src=\"https:\/\/www.memorial-odlozil.cz\/app\/themes\/template\/public\/images\/flags\/united-states-of-america-usa.png\" alt=\"United States of America\" \/><\/td><td width=\"20%\">4.6.2018<\/td><\/tr><tr><td>200 m<\/td><td>20.36<\/td><td class=\"name\">Danny TALBOT<\/td><td><img decoding=\"async\" title=\"United Kingdom\" src=\"https:\/\/www.memorial-odlozil.cz\/app\/themes\/template\/public\/images\/flags\/united-kingdom-great-britain.png\" alt=\"United Kingdom\" \/><\/td><td>9.6.2014<\/td><\/tr><tr><td>400 m<\/td><td>45.09<\/td><td class=\"name\">Baboloki THEBE<\/td><td><img decoding=\"async\" title=\"Botswana\" src=\"https:\/\/www.memorial-odlozil.cz\/app\/themes\/template\/public\/images\/flags\/botswana.png\" alt=\"Botswana\" \/><\/td><td>3.6.2019<\/td><\/tr><tr><td>800 m<\/td><td>1:44.46<\/td><td class=\"name\">Robert CHIRCHIR<\/td><td><img decoding=\"async\" title=\"Kenya\" src=\"https:\/\/www.memorial-odlozil.cz\/app\/themes\/template\/public\/images\/flags\/kenya.png\" alt=\"Kenya\" \/><\/td><td>12.6.1996<\/td><\/tr><tr><td>1500 m<\/td><td>3:32.32<\/td><td class=\"name\">Sadik MIKHOU<\/td><td><img decoding=\"async\" title=\"Bahrain\" src=\"https:\/\/www.memorial-odlozil.cz\/app\/themes\/template\/public\/images\/flags\/bahrain.png\" alt=\"Bahrain\" \/><\/td><td>5.6.2017<\/td><\/tr><tr><td>2000 m<\/td><td>4:57.72<\/td><td class=\"name\">Daniel KOMEN<\/td><td><img decoding=\"async\" title=\"Kenya\" src=\"https:\/\/www.memorial-odlozil.cz\/app\/themes\/template\/public\/images\/flags\/kenya.png\" alt=\"Kenya\" \/><\/td><td>14.6.1999<\/td><\/tr><tr><td>5000 m<\/td><td>13:33.67<\/td><td class=\"name\">Daniel Kipchirchir KOMEN<\/td><td><img decoding=\"async\" title=\"Kenya\" src=\"https:\/\/www.memorial-odlozil.cz\/app\/themes\/template\/public\/images\/flags\/kenya.png\" alt=\"Kenya\" \/><\/td><td>9.6.2014<\/td><\/tr><tr><td>10000 m<\/td><td>26:57.27<\/td><td class=\"name\">Sileshi SIHINE<\/td><td><img decoding=\"async\" title=\"Ethiopia\" src=\"https:\/\/www.memorial-odlozil.cz\/app\/themes\/template\/public\/images\/flags\/ethiopia.png\" alt=\"Ethiopia\" \/><\/td><td>27.6.2005<\/td><\/tr><tr><td>3000 m p\u0159ek\u00e1\u017eek<\/td><td>8:14.32<\/td><td class=\"name\">Collins KOSGEI<\/td><td><img decoding=\"async\" title=\"Kenya\" src=\"https:\/\/www.memorial-odlozil.cz\/app\/themes\/template\/public\/images\/flags\/kenya.png\" alt=\"Kenya\" \/><\/td><td>13.6.2007<\/td><\/tr><tr><td>110 m p\u0159ek\u00e1\u017eek<\/td><td>13.11<\/td><td class=\"name\">Antonio ALKANA<\/td><td><img decoding=\"async\" title=\"Cuba\" src=\"https:\/\/www.memorial-odlozil.cz\/app\/themes\/template\/public\/images\/flags\/south-africa.png\" alt=\"Cuba\" \/><\/td><td>5.6.2017<\/td><\/tr><tr><td>400 m p\u0159ek\u00e1\u017eek<\/td><td>48.62<\/td><td class=\"name\">David GREENE<\/td><td><img decoding=\"async\" title=\"United Kingdom\" src=\"https:\/\/www.memorial-odlozil.cz\/app\/themes\/template\/public\/images\/flags\/united-kingdom-great-britain.png\" alt=\"United Kingdom\" \/><\/td><td>8.6.2009<\/td><\/tr><tr><td>Skok do v\u00fd\u0161ky<\/td><td>2.31<\/td><td class=\"name\">Jaroslav B\u00c1BA<\/td><td><img decoding=\"async\" title=\"Czech Republic\" src=\"https:\/\/www.memorial-odlozil.cz\/app\/themes\/template\/public\/images\/flags\/czech-republic.png\" alt=\"Czech Republic\" \/><\/td><td>13.6.2011<\/td><\/tr><tr><td>Skok o ty\u010di<\/td><td>5.82<\/td><td class=\"name\">Raphael HOLZDEPPE<\/td><td><img decoding=\"async\" title=\"Germany\" src=\"https:\/\/www.memorial-odlozil.cz\/app\/themes\/template\/public\/images\/flags\/germany.png\" alt=\"Germany\" \/><\/td><td>10.6.2013<\/td><\/tr><tr><td>\u00a0<\/td><td>5.82<\/td><td class=\"name\">Piotr LISEK<\/td><td><img decoding=\"async\" title=\"Poland\" src=\"https:\/\/www.memorial-odlozil.cz\/app\/themes\/template\/public\/images\/flags\/poland.png\" alt=\"Poland\" \/><\/td><td>9.6.2014<\/td><\/tr><tr><td>Skok do d\u00e1lky<\/td><td>8.60<\/td><td class=\"name\">Iv\u00e1n PEDROSO<\/td><td><img decoding=\"async\" title=\"Cuba\" src=\"https:\/\/www.memorial-odlozil.cz\/app\/themes\/template\/public\/images\/flags\/cuba.png\" alt=\"Cuba\" \/><\/td><td>10.6.1997<\/td><\/tr><tr><td>Trojskok<\/td><td>17.21<\/td><td class=\"name\">Yoandri BETANZOS<\/td><td><img decoding=\"async\" title=\"Cuba\" src=\"https:\/\/www.memorial-odlozil.cz\/app\/themes\/template\/public\/images\/flags\/cuba.png\" alt=\"Cuba\" \/><\/td><td>17.6.2002<\/td><\/tr><tr><td>Vrh koul\u00ed<\/td><td>22.31<\/td><td class=\"name\">Ryan CROUSER<\/td><td><img decoding=\"async\" title=\"United States of America\" src=\"https:\/\/www.memorial-odlozil.cz\/app\/themes\/template\/public\/images\/flags\/united-states-of-america-usa.png\" alt=\"United States of America\" \/><\/td><td>4.6.2018<\/td><\/tr><tr><td>Hod diskem<\/td><td>63.38<\/td><td class=\"name\">Vaclavas KIDIKAS<\/td><td>U.S.S.R.<\/td><td>12.6.1996<\/td><\/tr><tr><td>Hod kladivem<\/td><td>84.86<\/td><td class=\"name\">Koji MUROFUSHI<\/td><td><img decoding=\"async\" title=\"Japan\" src=\"https:\/\/www.memorial-odlozil.cz\/app\/themes\/template\/public\/images\/flags\/japan.png\" alt=\"Japan\" \/><\/td><td>29.6.2003<\/td><\/tr><tr><td>Hod o\u0161t\u011bpem<\/td><td>90.56<\/td><td class=\"name\">Jan \u017dELEZN\u00dd<\/td><td><img decoding=\"async\" title=\"Czech Republic\" src=\"https:\/\/www.memorial-odlozil.cz\/app\/themes\/template\/public\/images\/flags\/czech-republic.png\" alt=\"Czech Republic\" \/><\/td><td>5.6.2000<\/td><\/tr><tr><td>4 \u00d7 100 m<\/td><td>38.67<\/td><td class=\"name\">Zden\u011bk STROM\u0160\u00cdK, Jan VELEBA, Jan JIRKA, Dominik Z\u00c1LESK\u00dd<\/td><td><img decoding=\"async\" title=\"Czech Republic\" src=\"https:\/\/www.memorial-odlozil.cz\/app\/themes\/template\/public\/images\/flags\/czech-republic.png\" alt=\"Czech Republic\" \/><\/td><td>7.6.2021<\/td><\/tr><\/tbody><\/table><\/div><h2>WOMAN<\/h2><div class=\"table-responsive\"><table><tbody><tr><td width=\"15%\">100 m<\/td><td width=\"15%\">11.34<\/td><td class=\"name\" width=\"35%\">Vida ANIM<\/td><td width=\"15%\"><img decoding=\"async\" title=\"Ghana\" src=\"https:\/\/www.memorial-odlozil.cz\/app\/themes\/template\/public\/images\/flags\/ghana.png\" alt=\"Ghana\" \/><\/td><td width=\"20%\">28.6.2004<\/td><\/tr><tr><td>200 m<\/td><td>22.67<\/td><td class=\"name\">Christine MBOMA<\/td><td><img decoding=\"async\" title=\"Namibia\" src=\"https:\/\/www.memorial-odlozil.cz\/app\/themes\/template\/public\/images\/flags\/namibia.png\" alt=\"Namibia\" \/><\/td><td>7.6.2021<\/td><\/tr><tr><td>400 m<\/td><td>50.87<\/td><td class=\"name\">Helena FUCHSOV\u00c1<\/td><td><img decoding=\"async\" title=\"Czech Republic\" src=\"https:\/\/www.memorial-odlozil.cz\/app\/themes\/template\/public\/images\/flags\/czech-republic.png\" alt=\"Czech Republic\" \/><\/td><td>5.6.2000<\/td><\/tr><tr><td>800 m<\/td><td>1:58.83<\/td><td class=\"name\">Irina MISTYUKEVICH<\/td><td><img decoding=\"async\" title=\"Russian Federation\" src=\"https:\/\/www.memorial-odlozil.cz\/app\/themes\/template\/public\/images\/flags\/russian-federation.png\" alt=\"Russian Federation\" \/><\/td><td>14.6.1999<\/td><\/tr><tr><td>1500 m<\/td><td>4:05.66<\/td><td class=\"name\">Irina BIRYUKOVA<\/td><td><img decoding=\"async\" title=\"Russian Federation\" src=\"https:\/\/www.memorial-odlozil.cz\/app\/themes\/template\/public\/images\/flags\/russian-federation.png\" alt=\"Russian Federation\" \/><\/td><td>10.6.1997<\/td><\/tr><tr><td>3000 m<\/td><td>8:47.42<\/td><td class=\"name\">Adere BERHANE<\/td><td><img decoding=\"async\" title=\"Ethiopia\" src=\"https:\/\/www.memorial-odlozil.cz\/app\/themes\/template\/public\/images\/flags\/ethiopia.png\" alt=\"Ethiopia\" \/><\/td><td>5.6.2000<\/td><\/tr><tr><td>5000 m<\/td><td>15:21.32<\/td><td class=\"name\">Bouchra CHAABI<\/td><td><img decoding=\"async\" title=\"Morocco\" src=\"https:\/\/www.memorial-odlozil.cz\/app\/themes\/template\/public\/images\/flags\/morocco.png\" alt=\"Morocco\" \/><\/td><td>28.6.2004<\/td><\/tr><tr><td>3000 m p\u0159ek\u00e1\u017eek<\/td><td>9:20.33<\/td><td class=\"name\">Dorcus INZIKURU<\/td><td><img decoding=\"async\" title=\"Uganda\" src=\"https:\/\/www.memorial-odlozil.cz\/app\/themes\/template\/public\/images\/flags\/uganda.png\" alt=\"Uganda\" \/><\/td><td>27.6.2005<\/td><\/tr><tr><td>100 m p\u0159ek\u00e1\u017eek<\/td><td>12.69<\/td><td class=\"name\">Elvira HERMAN<\/td><td><img decoding=\"async\" title=\"Belarus\" src=\"https:\/\/www.memorial-odlozil.cz\/app\/themes\/template\/public\/images\/flags\/belarus.png\" alt=\"Belarus\" \/><\/td><td>4.6.2018<\/td><\/tr><tr><td>400 m p\u0159ek\u00e1\u017eek<\/td><td>54.04<\/td><td class=\"name\">Georganne MOLINE<\/td><td><img decoding=\"async\" title=\"United States of America\" src=\"https:\/\/www.memorial-odlozil.cz\/app\/themes\/template\/public\/images\/flags\/united-states-of-america-usa.png\" alt=\"United States of America\" \/><\/td><td>4.6.2018<\/td><\/tr><tr><td>Skok do v\u00fd\u0161ky<\/td><td>2.01<\/td><td class=\"name\">Yelena SLESARENKO<\/td><td><img decoding=\"async\" title=\"Russian Federation\" src=\"https:\/\/www.memorial-odlozil.cz\/app\/themes\/template\/public\/images\/flags\/russian-federation.png\" alt=\"Russian Federation\" \/><\/td><td>28.6.2004<\/td><\/tr><tr><td>Skok o ty\u010di<\/td><td>4.76<\/td><td class=\"name\">Silke SPIELGEBURG<\/td><td><img decoding=\"async\" title=\"Germany\" src=\"https:\/\/www.memorial-odlozil.cz\/app\/themes\/template\/public\/images\/flags\/germany.png\" alt=\"Germany\" \/><\/td><td>11.6.2012<\/td><\/tr><tr><td>Skok do d\u00e1lky<\/td><td>6.75<\/td><td class=\"name\">T\u00fcnde V\u00c1SZI<\/td><td><img decoding=\"async\" title=\"Hungary\" src=\"https:\/\/www.memorial-odlozil.cz\/app\/themes\/template\/public\/images\/flags\/hungary.png\" alt=\"Hungary\" \/><\/td><td>10.6.1997<\/td><\/tr><tr><td>Trojskok<\/td><td>14.83<\/td><td class=\"name\">Yelena OLEYNIKOVA<\/td><td><img decoding=\"async\" title=\"Russian Federation\" src=\"https:\/\/www.memorial-odlozil.cz\/app\/themes\/template\/public\/images\/flags\/russian-federation.png\" alt=\"Russian Federation\" \/><\/td><td>17.6.2002<\/td><\/tr><tr><td>Vrh koul\u00ed<\/td><td>19.94<\/td><td class=\"name\">Christina SCHWANITZ<\/td><td><img decoding=\"async\" title=\"Germany\" src=\"https:\/\/www.memorial-odlozil.cz\/app\/themes\/template\/public\/images\/flags\/germany.png\" alt=\"Germany\" \/><\/td><td>10.6.2013<\/td><\/tr><tr><td>Hod diskem<\/td><td>66.81<\/td><td class=\"name\">V\u011bra POSP\u00cd\u0160ILOV\u00c1 CECHLOV\u00c1<\/td><td><img decoding=\"async\" title=\"Czech Republic\" src=\"https:\/\/www.memorial-odlozil.cz\/app\/themes\/template\/public\/images\/flags\/czech-republic.png\" alt=\"Czech Republic\" \/><\/td><td>27.6.2005<\/td><\/tr><tr><td>Hod kladivem<\/td><td>73.98<\/td><td class=\"name\">Malwina KOPRON<\/td><td><img decoding=\"async\" title=\"Poland\" src=\"https:\/\/www.memorial-odlozil.cz\/app\/themes\/template\/public\/images\/flags\/poland.png\" alt=\"Poland\" \/><\/td><td>5.6.2017<\/td><\/tr><tr><td>Hod o\u0161t\u011bpem<\/td><td>68.81<\/td><td class=\"name\">Barbora \u0160POT\u00c1KOV\u00c1<\/td><td><img decoding=\"async\" title=\"Czech Republic\" src=\"https:\/\/www.memorial-odlozil.cz\/app\/themes\/template\/public\/images\/flags\/czech-republic.png\" alt=\"Czech Republic\" \/><\/td><td>16.6.2008<\/td><\/tr><tr><td>5 km ch\u016fze<\/td><td>29:18,1<\/td><td class=\"name\">Pavla CHOD\u011aROV\u00c1<\/td><td><img decoding=\"async\" title=\"Czech Republic\" src=\"https:\/\/www.memorial-odlozil.cz\/app\/themes\/template\/public\/images\/flags\/czech-republic.png\" alt=\"Czech Republic\" \/><\/td><td>2.8.1994<\/td><\/tr><tr><td>4 \u00d7 100 m<\/td><td>43.83<\/td><td class=\"name\">\u00a0<\/td><td><img decoding=\"async\" title=\"Poland\" src=\"https:\/\/www.memorial-odlozil.cz\/app\/themes\/template\/public\/images\/flags\/poland.png\" alt=\"Poland\" \/><\/td><td>10.6.2013<\/td><\/tr><\/tbody><\/table><\/div>\t\t\t\t\t\t<\/div>\n\t\t\t\t<\/div>\n\t\t\t\t\t<\/div>\n\t\t<\/div>\n\t\t\t\t\t\t\t<\/div>\n\t\t<\/section>\n\t\t\t\t\t\t\t<\/div>\n\t\t","protected":false},"excerpt":{"rendered":"<p>records RECORDS MEMORIAL JOSEF ODLO\u017dIL records MAN 100 m 9.92 Mike RODGERS 4.6.2018 200 m 20.36 Danny TALBOT 9.6.2014 400 m 45.09 Baboloki THEBE 3.6.2019 800 m 1:44.46 Robert CHIRCHIR 12.6.1996 1500 m 3:32.32 Sadik MIKHOU 5.6.2017 2000 m 4:57.72 Daniel KOMEN 14.6.1999 5000 m 13:33.67 Daniel Kipchirchir KOMEN 9.6.2014 10000 m 26:57.27 Sileshi SIHINE [&hellip;]<\/p>\n","protected":false},"author":5,"featured_media":0,"parent":0,"menu_order":0,"comment_status":"closed","ping_status":"closed","template":"elementor_header_footer","meta":{"footnotes":""},"class_list":["post-1517","page","type-page","status-publish","hentry"],"yoast_head":"\n<title>Rekordy 2 &mdash; Memori\u00e1l Josefa Odlo\u017eila<\/title>\n<meta name=\"description\" content=\"Atletick\u00fd meeting na po\u010dest Josefa Odlo\u017eila, olympijsk\u00e9ho medailisty a sv\u011btov\u00e9ho rekordmana.\" \/>\n<meta name=\"robots\" content=\"index, follow, max-snippet:-1, max-image-preview:large, max-video-preview:-1\" \/>\n<link rel=\"canonical\" href=\"https:\/\/www.memorial-odlozil.cz\/?page_id=1517&lang=en\" \/>\n<meta property=\"og:locale\" content=\"cs_CZ\" \/>\n<meta property=\"og:type\" content=\"article\" \/>\n<meta property=\"og:title\" content=\"Rekordy 2 &mdash; Memori\u00e1l Josefa Odlo\u017eila\" \/>\n<meta property=\"og:description\" content=\"Atletick\u00fd meeting na po\u010dest Josefa Odlo\u017eila, olympijsk\u00e9ho medailisty a sv\u011btov\u00e9ho rekordmana.\" \/>\n<meta property=\"og:url\" content=\"https:\/\/www.memorial-odlozil.cz\/?page_id=1517&amp;lang=en\" \/>\n<meta property=\"og:site_name\" content=\"Memori\u00e1l Josefa Odlo\u017eila\" \/>\n<meta property=\"article:modified_time\" content=\"2024-02-15T19:12:12+00:00\" \/>\n<meta property=\"og:image\" content=\"https:\/\/www.memorial-odlozil.cz\/app\/themes\/template\/public\/images\/flags\/united-states-of-america-usa.png\" \/>\n<meta name=\"twitter:card\" content=\"summary_large_image\" \/>\n<script type=\"application\/ld+json\" class=\"yoast-schema-graph\">{\"@context\":\"https:\/\/schema.org\",\"@graph\":[{\"@type\":\"WebPage\",\"@id\":\"https:\/\/www.memorial-odlozil.cz\/?page_id=1517&lang=en\",\"url\":\"https:\/\/www.memorial-odlozil.cz\/?page_id=1517&lang=en\",\"name\":\"Rekordy 2 &mdash; Memori\u00e1l Josefa Odlo\u017eila\",\"isPartOf\":{\"@id\":\"https:\/\/www.memorial-odlozil.cz\/#website\"},\"datePublished\":\"2023-05-11T11:22:46+00:00\",\"dateModified\":\"2024-02-15T19:12:12+00:00\",\"description\":\"Atletick\u00fd meeting na po\u010dest Josefa Odlo\u017eila, olympijsk\u00e9ho medailisty a sv\u011btov\u00e9ho rekordmana.\",\"breadcrumb\":{\"@id\":\"https:\/\/www.memorial-odlozil.cz\/?page_id=1517&lang=en#breadcrumb\"},\"inLanguage\":\"cs\",\"potentialAction\":[{\"@type\":\"ReadAction\",\"target\":[\"https:\/\/www.memorial-odlozil.cz\/?page_id=1517&lang=en\"]}]},{\"@type\":\"BreadcrumbList\",\"@id\":\"https:\/\/www.memorial-odlozil.cz\/?page_id=1517&lang=en#breadcrumb\",\"itemListElement\":[{\"@type\":\"ListItem\",\"position\":1,\"name\":\"Dom\u016f\",\"item\":\"https:\/\/www.memorial-odlozil.cz\/\"},{\"@type\":\"ListItem\",\"position\":2,\"name\":\"Rekordy 2\"}]},{\"@type\":\"WebSite\",\"@id\":\"https:\/\/www.memorial-odlozil.cz\/#website\",\"url\":\"https:\/\/www.memorial-odlozil.cz\/\",\"name\":\"Memori\u00e1l Josefa Odlo\u017eila\",\"description\":\"Obsah meta description\",\"publisher\":{\"@id\":\"https:\/\/www.memorial-odlozil.cz\/#organization\"},\"potentialAction\":[{\"@type\":\"SearchAction\",\"target\":{\"@type\":\"EntryPoint\",\"urlTemplate\":\"https:\/\/www.memorial-odlozil.cz\/?s={search_term_string}\"},\"query-input\":\"required name=search_term_string\"}],\"inLanguage\":\"cs\"},{\"@type\":\"Organization\",\"@id\":\"https:\/\/www.memorial-odlozil.cz\/#organization\",\"name\":\"Memori\u00e1l Josefa Odlo\u017eila\",\"url\":\"https:\/\/www.memorial-odlozil.cz\/\",\"logo\":{\"@type\":\"ImageObject\",\"inLanguage\":\"cs\",\"@id\":\"https:\/\/www.memorial-odlozil.cz\/#\/schema\/logo\/image\/\",\"url\":\"https:\/\/www.memorial-odlozil.cz\/app\/uploads\/cropped-02077226-1.jpeg\",\"contentUrl\":\"https:\/\/www.memorial-odlozil.cz\/app\/uploads\/cropped-02077226-1.jpeg\",\"width\":246,\"height\":178,\"caption\":\"Memori\u00e1l Josefa Odlo\u017eila\"},\"image\":{\"@id\":\"https:\/\/www.memorial-odlozil.cz\/#\/schema\/logo\/image\/\"}}]}<\/script>\n","yoast_head_json":{"title":"Rekordy 2 &mdash; Memori\u00e1l Josefa Odlo\u017eila","description":"Atletick\u00fd meeting na po\u010dest Josefa Odlo\u017eila, olympijsk\u00e9ho medailisty a sv\u011btov\u00e9ho rekordmana.","robots":{"index":"index","follow":"follow","max-snippet":"max-snippet:-1","max-image-preview":"max-image-preview:large","max-video-preview":"max-video-preview:-1"},"canonical":"https:\/\/www.memorial-odlozil.cz\/?page_id=1517&lang=en","og_locale":"cs_CZ","og_type":"article","og_title":"Rekordy 2 &mdash; Memori\u00e1l Josefa Odlo\u017eila","og_description":"Atletick\u00fd meeting na po\u010dest Josefa Odlo\u017eila, olympijsk\u00e9ho medailisty a sv\u011btov\u00e9ho rekordmana.","og_url":"https:\/\/www.memorial-odlozil.cz\/?page_id=1517&lang=en","og_site_name":"Memori\u00e1l Josefa Odlo\u017eila","article_modified_time":"2024-02-15T19:12:12+00:00","og_image":[{"url":"https:\/\/www.memorial-odlozil.cz\/app\/themes\/template\/public\/images\/flags\/united-states-of-america-usa.png"}],"twitter_card":"summary_large_image","schema":{"@context":"https:\/\/schema.org","@graph":[{"@type":"WebPage","@id":"https:\/\/www.memorial-odlozil.cz\/?page_id=1517&lang=en","url":"https:\/\/www.memorial-odlozil.cz\/?page_id=1517&lang=en","name":"Rekordy 2 &mdash; Memori\u00e1l Josefa Odlo\u017eila","isPartOf":{"@id":"https:\/\/www.memorial-odlozil.cz\/#website"},"datePublished":"2023-05-11T11:22:46+00:00","dateModified":"2024-02-15T19:12:12+00:00","description":"Atletick\u00fd meeting na po\u010dest Josefa Odlo\u017eila, olympijsk\u00e9ho medailisty a sv\u011btov\u00e9ho rekordmana.","breadcrumb":{"@id":"https:\/\/www.memorial-odlozil.cz\/?page_id=1517&lang=en#breadcrumb"},"inLanguage":"cs","potentialAction":[{"@type":"ReadAction","target":["https:\/\/www.memorial-odlozil.cz\/?page_id=1517&lang=en"]}]},{"@type":"BreadcrumbList","@id":"https:\/\/www.memorial-odlozil.cz\/?page_id=1517&lang=en#breadcrumb","itemListElement":[{"@type":"ListItem","position":1,"name":"Dom\u016f","item":"https:\/\/www.memorial-odlozil.cz\/"},{"@type":"ListItem","position":2,"name":"Rekordy 2"}]},{"@type":"WebSite","@id":"https:\/\/www.memorial-odlozil.cz\/#website","url":"https:\/\/www.memorial-odlozil.cz\/","name":"Memori\u00e1l Josefa Odlo\u017eila","description":"Obsah meta description","publisher":{"@id":"https:\/\/www.memorial-odlozil.cz\/#organization"},"potentialAction":[{"@type":"SearchAction","target":{"@type":"EntryPoint","urlTemplate":"https:\/\/www.memorial-odlozil.cz\/?s={search_term_string}"},"query-input":"required name=search_term_string"}],"inLanguage":"cs"},{"@type":"Organization","@id":"https:\/\/www.memorial-odlozil.cz\/#organization","name":"Memori\u00e1l Josefa Odlo\u017eila","url":"https:\/\/www.memorial-odlozil.cz\/","logo":{"@type":"ImageObject","inLanguage":"cs","@id":"https:\/\/www.memorial-odlozil.cz\/#\/schema\/logo\/image\/","url":"https:\/\/www.memorial-odlozil.cz\/app\/uploads\/cropped-02077226-1.jpeg","contentUrl":"https:\/\/www.memorial-odlozil.cz\/app\/uploads\/cropped-02077226-1.jpeg","width":246,"height":178,"caption":"Memori\u00e1l Josefa Odlo\u017eila"},"image":{"@id":"https:\/\/www.memorial-odlozil.cz\/#\/schema\/logo\/image\/"}}]}},"_links":{"self":[{"href":"https:\/\/www.memorial-odlozil.cz\/index.php?rest_route=\/wp\/v2\/pages\/1517","targetHints":{"allow":["GET"]}}],"collection":[{"href":"https:\/\/www.memorial-odlozil.cz\/index.php?rest_route=\/wp\/v2\/pages"}],"about":[{"href":"https:\/\/www.memorial-odlozil.cz\/index.php?rest_route=\/wp\/v2\/types\/page"}],"author":[{"embeddable":true,"href":"https:\/\/www.memorial-odlozil.cz\/index.php?rest_route=\/wp\/v2\/users\/5"}],"replies":[{"embeddable":true,"href":"https:\/\/www.memorial-odlozil.cz\/index.php?rest_route=%2Fwp%2Fv2%2Fcomments&post=1517"}],"version-history":[{"count":17,"href":"https:\/\/www.memorial-odlozil.cz\/index.php?rest_route=\/wp\/v2\/pages\/1517\/revisions"}],"predecessor-version":[{"id":2226,"href":"https:\/\/www.memorial-odlozil.cz\/index.php?rest_route=\/wp\/v2\/pages\/1517\/revisions\/2226"}],"wp:attachment":[{"href":"https:\/\/www.memorial-odlozil.cz\/index.php?rest_route=%2Fwp%2Fv2%2Fmedia&parent=1517"}],"curies":[{"name":"wp","href":"https:\/\/api.w.org\/{rel}","templated":true}]}}