{"id":2662,"date":"2025-06-05T09:20:40","date_gmt":"2025-06-05T07:20:40","guid":{"rendered":"https:\/\/www.memorial-odlozil.cz\/?page_id=2662"},"modified":"2025-06-05T09:32:40","modified_gmt":"2025-06-05T07:32:40","slug":"vysledky-mjo-2025","status":"publish","type":"page","link":"https:\/\/www.memorial-odlozil.cz\/?page_id=2662","title":{"rendered":"V\u00fdsledky MJO 2025"},"content":{"rendered":"\t\t<div data-elementor-type=\"wp-page\" data-elementor-id=\"2662\" class=\"elementor elementor-2662\">\n\t\t\t\t\t\t\t\t\t<section class=\"elementor-section elementor-top-section elementor-element elementor-element-61e83f9 elementor-section-boxed elementor-section-height-default elementor-section-height-default\" data-id=\"61e83f9\" data-element_type=\"section\">\n\t\t\t\t\t\t<div class=\"elementor-container elementor-column-gap-default\">\n\t\t\t\t\t<div class=\"elementor-column elementor-col-100 elementor-top-column elementor-element elementor-element-1b933cc\" data-id=\"1b933cc\" data-element_type=\"column\">\n\t\t\t<div class=\"elementor-widget-wrap elementor-element-populated\">\n\t\t\t\t\t\t\t\t<div class=\"elementor-element elementor-element-b36d147 elementor-widget elementor-widget-image\" data-id=\"b36d147\" data-element_type=\"widget\" data-widget_type=\"image.default\">\n\t\t\t\t<div class=\"elementor-widget-container\">\n\t\t\t<style>\/*! elementor - v3.6.5 - 27-04-2022 *\/\n.elementor-widget-image{text-align:center}.elementor-widget-image a{display:inline-block}.elementor-widget-image a img[src$=\".svg\"]{width:48px}.elementor-widget-image img{vertical-align:middle;display:inline-block}<\/style>\t\t\t\t\t\t\t\t\t\t\t\t<img loading=\"lazy\" decoding=\"async\" width=\"1190\" height=\"1683\" src=\"https:\/\/www.memorial-odlozil.cz\/app\/uploads\/0001-1.jpg\" class=\"attachment-2048x2048 size-2048x2048\" alt=\"\" srcset=\"https:\/\/www.memorial-odlozil.cz\/app\/uploads\/0001-1.jpg 1190w, https:\/\/www.memorial-odlozil.cz\/app\/uploads\/0001-1-424x600.jpg 424w, https:\/\/www.memorial-odlozil.cz\/app\/uploads\/0001-1-724x1024.jpg 724w, https:\/\/www.memorial-odlozil.cz\/app\/uploads\/0001-1-768x1086.jpg 768w, https:\/\/www.memorial-odlozil.cz\/app\/uploads\/0001-1-1086x1536.jpg 1086w\" sizes=\"auto, (max-width: 1190px) 100vw, 1190px\" \/>\t\t\t\t\t\t\t\t\t\t\t\t\t\t\t<\/div>\n\t\t\t\t<\/div>\n\t\t\t\t<div class=\"elementor-element elementor-element-75123f2 elementor-widget elementor-widget-image\" data-id=\"75123f2\" data-element_type=\"widget\" data-widget_type=\"image.default\">\n\t\t\t\t<div class=\"elementor-widget-container\">\n\t\t\t\t\t\t\t\t\t\t\t\t\t\t\t<img loading=\"lazy\" decoding=\"async\" width=\"1190\" height=\"1683\" src=\"https:\/\/www.memorial-odlozil.cz\/app\/uploads\/0002-1.jpg\" class=\"attachment-2048x2048 size-2048x2048\" alt=\"\" srcset=\"https:\/\/www.memorial-odlozil.cz\/app\/uploads\/0002-1.jpg 1190w, https:\/\/www.memorial-odlozil.cz\/app\/uploads\/0002-1-424x600.jpg 424w, https:\/\/www.memorial-odlozil.cz\/app\/uploads\/0002-1-724x1024.jpg 724w, https:\/\/www.memorial-odlozil.cz\/app\/uploads\/0002-1-768x1086.jpg 768w, https:\/\/www.memorial-odlozil.cz\/app\/uploads\/0002-1-1086x1536.jpg 1086w\" sizes=\"auto, (max-width: 1190px) 100vw, 1190px\" \/>\t\t\t\t\t\t\t\t\t\t\t\t\t\t\t<\/div>\n\t\t\t\t<\/div>\n\t\t\t\t<div class=\"elementor-element elementor-element-69986f2 elementor-widget elementor-widget-image\" data-id=\"69986f2\" data-element_type=\"widget\" data-widget_type=\"image.default\">\n\t\t\t\t<div class=\"elementor-widget-container\">\n\t\t\t\t\t\t\t\t\t\t\t\t\t\t\t<img loading=\"lazy\" decoding=\"async\" width=\"1190\" height=\"1683\" src=\"https:\/\/www.memorial-odlozil.cz\/app\/uploads\/0003-1.jpg\" class=\"attachment-2048x2048 size-2048x2048\" alt=\"\" srcset=\"https:\/\/www.memorial-odlozil.cz\/app\/uploads\/0003-1.jpg 1190w, https:\/\/www.memorial-odlozil.cz\/app\/uploads\/0003-1-424x600.jpg 424w, https:\/\/www.memorial-odlozil.cz\/app\/uploads\/0003-1-724x1024.jpg 724w, https:\/\/www.memorial-odlozil.cz\/app\/uploads\/0003-1-768x1086.jpg 768w, https:\/\/www.memorial-odlozil.cz\/app\/uploads\/0003-1-1086x1536.jpg 1086w\" sizes=\"auto, (max-width: 1190px) 100vw, 1190px\" \/>\t\t\t\t\t\t\t\t\t\t\t\t\t\t\t<\/div>\n\t\t\t\t<\/div>\n\t\t\t\t<div class=\"elementor-element elementor-element-e151df2 elementor-widget elementor-widget-image\" data-id=\"e151df2\" data-element_type=\"widget\" data-widget_type=\"image.default\">\n\t\t\t\t<div class=\"elementor-widget-container\">\n\t\t\t\t\t\t\t\t\t\t\t\t\t\t\t<img loading=\"lazy\" decoding=\"async\" width=\"1190\" height=\"1683\" src=\"https:\/\/www.memorial-odlozil.cz\/app\/uploads\/0004-1.jpg\" class=\"attachment-2048x2048 size-2048x2048\" alt=\"\" srcset=\"https:\/\/www.memorial-odlozil.cz\/app\/uploads\/0004-1.jpg 1190w, https:\/\/www.memorial-odlozil.cz\/app\/uploads\/0004-1-424x600.jpg 424w, https:\/\/www.memorial-odlozil.cz\/app\/uploads\/0004-1-724x1024.jpg 724w, https:\/\/www.memorial-odlozil.cz\/app\/uploads\/0004-1-768x1086.jpg 768w, https:\/\/www.memorial-odlozil.cz\/app\/uploads\/0004-1-1086x1536.jpg 1086w\" sizes=\"auto, (max-width: 1190px) 100vw, 1190px\" \/>\t\t\t\t\t\t\t\t\t\t\t\t\t\t\t<\/div>\n\t\t\t\t<\/div>\n\t\t\t\t<div class=\"elementor-element elementor-element-66f443d elementor-widget elementor-widget-image\" data-id=\"66f443d\" data-element_type=\"widget\" data-widget_type=\"image.default\">\n\t\t\t\t<div class=\"elementor-widget-container\">\n\t\t\t\t\t\t\t\t\t\t\t\t\t\t\t<img loading=\"lazy\" decoding=\"async\" width=\"1190\" height=\"1683\" src=\"https:\/\/www.memorial-odlozil.cz\/app\/uploads\/0005-1.jpg\" class=\"attachment-2048x2048 size-2048x2048\" alt=\"\" srcset=\"https:\/\/www.memorial-odlozil.cz\/app\/uploads\/0005-1.jpg 1190w, https:\/\/www.memorial-odlozil.cz\/app\/uploads\/0005-1-424x600.jpg 424w, https:\/\/www.memorial-odlozil.cz\/app\/uploads\/0005-1-724x1024.jpg 724w, https:\/\/www.memorial-odlozil.cz\/app\/uploads\/0005-1-768x1086.jpg 768w, https:\/\/www.memorial-odlozil.cz\/app\/uploads\/0005-1-1086x1536.jpg 1086w\" sizes=\"auto, (max-width: 1190px) 100vw, 1190px\" \/>\t\t\t\t\t\t\t\t\t\t\t\t\t\t\t<\/div>\n\t\t\t\t<\/div>\n\t\t\t\t<div class=\"elementor-element elementor-element-4056be2 elementor-widget elementor-widget-image\" data-id=\"4056be2\" data-element_type=\"widget\" data-widget_type=\"image.default\">\n\t\t\t\t<div class=\"elementor-widget-container\">\n\t\t\t\t\t\t\t\t\t\t\t\t\t\t\t<img loading=\"lazy\" decoding=\"async\" width=\"1190\" height=\"1683\" src=\"https:\/\/www.memorial-odlozil.cz\/app\/uploads\/0006-1.jpg\" class=\"attachment-2048x2048 size-2048x2048\" alt=\"\" srcset=\"https:\/\/www.memorial-odlozil.cz\/app\/uploads\/0006-1.jpg 1190w, https:\/\/www.memorial-odlozil.cz\/app\/uploads\/0006-1-424x600.jpg 424w, https:\/\/www.memorial-odlozil.cz\/app\/uploads\/0006-1-724x1024.jpg 724w, https:\/\/www.memorial-odlozil.cz\/app\/uploads\/0006-1-768x1086.jpg 768w, https:\/\/www.memorial-odlozil.cz\/app\/uploads\/0006-1-1086x1536.jpg 1086w\" sizes=\"auto, (max-width: 1190px) 100vw, 1190px\" \/>\t\t\t\t\t\t\t\t\t\t\t\t\t\t\t<\/div>\n\t\t\t\t<\/div>\n\t\t\t\t<div class=\"elementor-element elementor-element-ff8d63b elementor-widget elementor-widget-image\" data-id=\"ff8d63b\" data-element_type=\"widget\" data-widget_type=\"image.default\">\n\t\t\t\t<div class=\"elementor-widget-container\">\n\t\t\t\t\t\t\t\t\t\t\t\t\t\t\t<img loading=\"lazy\" decoding=\"async\" width=\"1190\" height=\"1683\" src=\"https:\/\/www.memorial-odlozil.cz\/app\/uploads\/0007-1.jpg\" class=\"attachment-2048x2048 size-2048x2048\" alt=\"\" srcset=\"https:\/\/www.memorial-odlozil.cz\/app\/uploads\/0007-1.jpg 1190w, https:\/\/www.memorial-odlozil.cz\/app\/uploads\/0007-1-424x600.jpg 424w, https:\/\/www.memorial-odlozil.cz\/app\/uploads\/0007-1-724x1024.jpg 724w, https:\/\/www.memorial-odlozil.cz\/app\/uploads\/0007-1-768x1086.jpg 768w, https:\/\/www.memorial-odlozil.cz\/app\/uploads\/0007-1-1086x1536.jpg 1086w\" sizes=\"auto, (max-width: 1190px) 100vw, 1190px\" \/>\t\t\t\t\t\t\t\t\t\t\t\t\t\t\t<\/div>\n\t\t\t\t<\/div>\n\t\t\t\t<div class=\"elementor-element elementor-element-97a2556 elementor-widget elementor-widget-image\" data-id=\"97a2556\" data-element_type=\"widget\" data-widget_type=\"image.default\">\n\t\t\t\t<div class=\"elementor-widget-container\">\n\t\t\t\t\t\t\t\t\t\t\t\t\t\t\t<img loading=\"lazy\" decoding=\"async\" width=\"1190\" height=\"1683\" src=\"https:\/\/www.memorial-odlozil.cz\/app\/uploads\/0008-1.jpg\" class=\"attachment-2048x2048 size-2048x2048\" alt=\"\" srcset=\"https:\/\/www.memorial-odlozil.cz\/app\/uploads\/0008-1.jpg 1190w, https:\/\/www.memorial-odlozil.cz\/app\/uploads\/0008-1-424x600.jpg 424w, https:\/\/www.memorial-odlozil.cz\/app\/uploads\/0008-1-724x1024.jpg 724w, https:\/\/www.memorial-odlozil.cz\/app\/uploads\/0008-1-768x1086.jpg 768w, https:\/\/www.memorial-odlozil.cz\/app\/uploads\/0008-1-1086x1536.jpg 1086w\" sizes=\"auto, (max-width: 1190px) 100vw, 1190px\" \/>\t\t\t\t\t\t\t\t\t\t\t\t\t\t\t<\/div>\n\t\t\t\t<\/div>\n\t\t\t\t<div class=\"elementor-element elementor-element-ee2edd0 elementor-widget elementor-widget-image\" data-id=\"ee2edd0\" data-element_type=\"widget\" data-widget_type=\"image.default\">\n\t\t\t\t<div class=\"elementor-widget-container\">\n\t\t\t\t\t\t\t\t\t\t\t\t\t\t\t<img loading=\"lazy\" decoding=\"async\" width=\"1190\" height=\"1683\" src=\"https:\/\/www.memorial-odlozil.cz\/app\/uploads\/0009-1.jpg\" class=\"attachment-2048x2048 size-2048x2048\" alt=\"\" srcset=\"https:\/\/www.memorial-odlozil.cz\/app\/uploads\/0009-1.jpg 1190w, https:\/\/www.memorial-odlozil.cz\/app\/uploads\/0009-1-424x600.jpg 424w, https:\/\/www.memorial-odlozil.cz\/app\/uploads\/0009-1-724x1024.jpg 724w, https:\/\/www.memorial-odlozil.cz\/app\/uploads\/0009-1-768x1086.jpg 768w, https:\/\/www.memorial-odlozil.cz\/app\/uploads\/0009-1-1086x1536.jpg 1086w\" sizes=\"auto, (max-width: 1190px) 100vw, 1190px\" \/>\t\t\t\t\t\t\t\t\t\t\t\t\t\t\t<\/div>\n\t\t\t\t<\/div>\n\t\t\t\t<div class=\"elementor-element elementor-element-a3c753d elementor-widget elementor-widget-image\" data-id=\"a3c753d\" data-element_type=\"widget\" data-widget_type=\"image.default\">\n\t\t\t\t<div class=\"elementor-widget-container\">\n\t\t\t\t\t\t\t\t\t\t\t\t\t\t\t<img loading=\"lazy\" decoding=\"async\" width=\"1190\" height=\"1683\" src=\"https:\/\/www.memorial-odlozil.cz\/app\/uploads\/0010-1.jpg\" class=\"attachment-2048x2048 size-2048x2048\" alt=\"\" srcset=\"https:\/\/www.memorial-odlozil.cz\/app\/uploads\/0010-1.jpg 1190w, https:\/\/www.memorial-odlozil.cz\/app\/uploads\/0010-1-424x600.jpg 424w, https:\/\/www.memorial-odlozil.cz\/app\/uploads\/0010-1-724x1024.jpg 724w, https:\/\/www.memorial-odlozil.cz\/app\/uploads\/0010-1-768x1086.jpg 768w, https:\/\/www.memorial-odlozil.cz\/app\/uploads\/0010-1-1086x1536.jpg 1086w\" sizes=\"auto, (max-width: 1190px) 100vw, 1190px\" \/>\t\t\t\t\t\t\t\t\t\t\t\t\t\t\t<\/div>\n\t\t\t\t<\/div>\n\t\t\t\t<div class=\"elementor-element elementor-element-c6cc6ba elementor-widget elementor-widget-image\" data-id=\"c6cc6ba\" data-element_type=\"widget\" data-widget_type=\"image.default\">\n\t\t\t\t<div class=\"elementor-widget-container\">\n\t\t\t\t\t\t\t\t\t\t\t\t\t\t\t<img loading=\"lazy\" decoding=\"async\" width=\"1190\" height=\"1683\" src=\"https:\/\/www.memorial-odlozil.cz\/app\/uploads\/0011-1.jpg\" class=\"attachment-2048x2048 size-2048x2048\" alt=\"\" srcset=\"https:\/\/www.memorial-odlozil.cz\/app\/uploads\/0011-1.jpg 1190w, https:\/\/www.memorial-odlozil.cz\/app\/uploads\/0011-1-424x600.jpg 424w, https:\/\/www.memorial-odlozil.cz\/app\/uploads\/0011-1-724x1024.jpg 724w, https:\/\/www.memorial-odlozil.cz\/app\/uploads\/0011-1-768x1086.jpg 768w, https:\/\/www.memorial-odlozil.cz\/app\/uploads\/0011-1-1086x1536.jpg 1086w\" sizes=\"auto, (max-width: 1190px) 100vw, 1190px\" \/>\t\t\t\t\t\t\t\t\t\t\t\t\t\t\t<\/div>\n\t\t\t\t<\/div>\n\t\t\t\t<div class=\"elementor-element elementor-element-23a2d82 elementor-widget elementor-widget-image\" data-id=\"23a2d82\" data-element_type=\"widget\" data-widget_type=\"image.default\">\n\t\t\t\t<div class=\"elementor-widget-container\">\n\t\t\t\t\t\t\t\t\t\t\t\t\t\t\t<img loading=\"lazy\" decoding=\"async\" width=\"1190\" height=\"1683\" src=\"https:\/\/www.memorial-odlozil.cz\/app\/uploads\/0012-1.jpg\" class=\"attachment-2048x2048 size-2048x2048\" alt=\"\" srcset=\"https:\/\/www.memorial-odlozil.cz\/app\/uploads\/0012-1.jpg 1190w, https:\/\/www.memorial-odlozil.cz\/app\/uploads\/0012-1-424x600.jpg 424w, https:\/\/www.memorial-odlozil.cz\/app\/uploads\/0012-1-724x1024.jpg 724w, https:\/\/www.memorial-odlozil.cz\/app\/uploads\/0012-1-768x1086.jpg 768w, https:\/\/www.memorial-odlozil.cz\/app\/uploads\/0012-1-1086x1536.jpg 1086w\" sizes=\"auto, (max-width: 1190px) 100vw, 1190px\" \/>\t\t\t\t\t\t\t\t\t\t\t\t\t\t\t<\/div>\n\t\t\t\t<\/div>\n\t\t\t\t<div class=\"elementor-element elementor-element-f5bde17 elementor-widget elementor-widget-image\" data-id=\"f5bde17\" data-element_type=\"widget\" data-widget_type=\"image.default\">\n\t\t\t\t<div class=\"elementor-widget-container\">\n\t\t\t\t\t\t\t\t\t\t\t\t\t\t\t<img loading=\"lazy\" decoding=\"async\" width=\"1190\" height=\"1683\" src=\"https:\/\/www.memorial-odlozil.cz\/app\/uploads\/0013-1.jpg\" class=\"attachment-2048x2048 size-2048x2048\" alt=\"\" srcset=\"https:\/\/www.memorial-odlozil.cz\/app\/uploads\/0013-1.jpg 1190w, https:\/\/www.memorial-odlozil.cz\/app\/uploads\/0013-1-424x600.jpg 424w, https:\/\/www.memorial-odlozil.cz\/app\/uploads\/0013-1-724x1024.jpg 724w, https:\/\/www.memorial-odlozil.cz\/app\/uploads\/0013-1-768x1086.jpg 768w, https:\/\/www.memorial-odlozil.cz\/app\/uploads\/0013-1-1086x1536.jpg 1086w\" sizes=\"auto, (max-width: 1190px) 100vw, 1190px\" \/>\t\t\t\t\t\t\t\t\t\t\t\t\t\t\t<\/div>\n\t\t\t\t<\/div>\n\t\t\t\t<div class=\"elementor-element elementor-element-36b706f elementor-widget elementor-widget-image\" data-id=\"36b706f\" data-element_type=\"widget\" data-widget_type=\"image.default\">\n\t\t\t\t<div class=\"elementor-widget-container\">\n\t\t\t\t\t\t\t\t\t\t\t\t\t\t\t<img loading=\"lazy\" decoding=\"async\" width=\"1190\" height=\"1683\" src=\"https:\/\/www.memorial-odlozil.cz\/app\/uploads\/0014-1.jpg\" class=\"attachment-2048x2048 size-2048x2048\" alt=\"\" srcset=\"https:\/\/www.memorial-odlozil.cz\/app\/uploads\/0014-1.jpg 1190w, https:\/\/www.memorial-odlozil.cz\/app\/uploads\/0014-1-424x600.jpg 424w, https:\/\/www.memorial-odlozil.cz\/app\/uploads\/0014-1-724x1024.jpg 724w, https:\/\/www.memorial-odlozil.cz\/app\/uploads\/0014-1-768x1086.jpg 768w, https:\/\/www.memorial-odlozil.cz\/app\/uploads\/0014-1-1086x1536.jpg 1086w\" sizes=\"auto, (max-width: 1190px) 100vw, 1190px\" \/>\t\t\t\t\t\t\t\t\t\t\t\t\t\t\t<\/div>\n\t\t\t\t<\/div>\n\t\t\t\t<div class=\"elementor-element elementor-element-7f4f5f8 elementor-widget elementor-widget-image\" data-id=\"7f4f5f8\" data-element_type=\"widget\" data-widget_type=\"image.default\">\n\t\t\t\t<div class=\"elementor-widget-container\">\n\t\t\t\t\t\t\t\t\t\t\t\t\t\t\t<img loading=\"lazy\" decoding=\"async\" width=\"1190\" height=\"1683\" src=\"https:\/\/www.memorial-odlozil.cz\/app\/uploads\/0015-1.jpg\" class=\"attachment-2048x2048 size-2048x2048\" alt=\"\" srcset=\"https:\/\/www.memorial-odlozil.cz\/app\/uploads\/0015-1.jpg 1190w, https:\/\/www.memorial-odlozil.cz\/app\/uploads\/0015-1-424x600.jpg 424w, https:\/\/www.memorial-odlozil.cz\/app\/uploads\/0015-1-724x1024.jpg 724w, https:\/\/www.memorial-odlozil.cz\/app\/uploads\/0015-1-768x1086.jpg 768w, https:\/\/www.memorial-odlozil.cz\/app\/uploads\/0015-1-1086x1536.jpg 1086w\" sizes=\"auto, (max-width: 1190px) 100vw, 1190px\" \/>\t\t\t\t\t\t\t\t\t\t\t\t\t\t\t<\/div>\n\t\t\t\t<\/div>\n\t\t\t\t\t<\/div>\n\t\t<\/div>\n\t\t\t\t\t\t\t<\/div>\n\t\t<\/section>\n\t\t\t\t<section class=\"elementor-section elementor-top-section elementor-element elementor-element-136e8b7 elementor-section-boxed elementor-section-height-default elementor-section-height-default\" data-id=\"136e8b7\" data-element_type=\"section\">\n\t\t\t\t\t\t<div class=\"elementor-container elementor-column-gap-default\">\n\t\t\t\t\t<div class=\"elementor-column elementor-col-100 elementor-top-column elementor-element elementor-element-fe2cfd5\" data-id=\"fe2cfd5\" data-element_type=\"column\">\n\t\t\t<div class=\"elementor-widget-wrap elementor-element-populated\">\n\t\t\t\t\t\t\t\t<div class=\"elementor-element elementor-element-011c93d elementor-widget elementor-widget-image\" data-id=\"011c93d\" data-element_type=\"widget\" data-widget_type=\"image.default\">\n\t\t\t\t<div class=\"elementor-widget-container\">\n\t\t\t\t\t\t\t\t\t\t\t\t\t\t\t<img loading=\"lazy\" decoding=\"async\" width=\"1190\" height=\"1683\" src=\"https:\/\/www.memorial-odlozil.cz\/app\/uploads\/0016-1.jpg\" class=\"attachment-2048x2048 size-2048x2048\" alt=\"\" srcset=\"https:\/\/www.memorial-odlozil.cz\/app\/uploads\/0016-1.jpg 1190w, https:\/\/www.memorial-odlozil.cz\/app\/uploads\/0016-1-424x600.jpg 424w, https:\/\/www.memorial-odlozil.cz\/app\/uploads\/0016-1-724x1024.jpg 724w, https:\/\/www.memorial-odlozil.cz\/app\/uploads\/0016-1-768x1086.jpg 768w, https:\/\/www.memorial-odlozil.cz\/app\/uploads\/0016-1-1086x1536.jpg 1086w\" sizes=\"auto, (max-width: 1190px) 100vw, 1190px\" \/>\t\t\t\t\t\t\t\t\t\t\t\t\t\t\t<\/div>\n\t\t\t\t<\/div>\n\t\t\t\t<div class=\"elementor-element elementor-element-84d50f9 elementor-widget elementor-widget-image\" data-id=\"84d50f9\" data-element_type=\"widget\" data-widget_type=\"image.default\">\n\t\t\t\t<div class=\"elementor-widget-container\">\n\t\t\t\t\t\t\t\t\t\t\t\t\t\t\t<img loading=\"lazy\" decoding=\"async\" width=\"1190\" height=\"1683\" src=\"https:\/\/www.memorial-odlozil.cz\/app\/uploads\/0017.jpg\" class=\"attachment-2048x2048 size-2048x2048\" alt=\"\" srcset=\"https:\/\/www.memorial-odlozil.cz\/app\/uploads\/0017.jpg 1190w, https:\/\/www.memorial-odlozil.cz\/app\/uploads\/0017-424x600.jpg 424w, https:\/\/www.memorial-odlozil.cz\/app\/uploads\/0017-724x1024.jpg 724w, https:\/\/www.memorial-odlozil.cz\/app\/uploads\/0017-768x1086.jpg 768w, https:\/\/www.memorial-odlozil.cz\/app\/uploads\/0017-1086x1536.jpg 1086w\" sizes=\"auto, (max-width: 1190px) 100vw, 1190px\" \/>\t\t\t\t\t\t\t\t\t\t\t\t\t\t\t<\/div>\n\t\t\t\t<\/div>\n\t\t\t\t\t<\/div>\n\t\t<\/div>\n\t\t\t\t\t\t\t<\/div>\n\t\t<\/section>\n\t\t\t\t\t\t\t<\/div>\n\t\t","protected":false},"excerpt":{"rendered":"","protected":false},"author":5,"featured_media":0,"parent":0,"menu_order":0,"comment_status":"closed","ping_status":"closed","template":"elementor_header_footer","meta":{"footnotes":""},"class_list":["post-2662","page","type-page","status-publish","hentry"],"yoast_head":"\n<title>V\u00fdsledky MJO 2025 &mdash; Memori\u00e1l Josefa Odlo\u017eila<\/title>\n<meta name=\"description\" content=\"Atletick\u00fd meeting na po\u010dest Josefa Odlo\u017eila, olympijsk\u00e9ho medailisty a sv\u011btov\u00e9ho rekordmana.\" \/>\n<meta name=\"robots\" content=\"index, follow, max-snippet:-1, max-image-preview:large, max-video-preview:-1\" \/>\n<link rel=\"canonical\" href=\"https:\/\/www.memorial-odlozil.cz\/?page_id=2662\" \/>\n<meta property=\"og:locale\" content=\"cs_CZ\" \/>\n<meta property=\"og:type\" content=\"article\" \/>\n<meta property=\"og:title\" content=\"V\u00fdsledky MJO 2025 &mdash; Memori\u00e1l Josefa Odlo\u017eila\" \/>\n<meta property=\"og:description\" content=\"Atletick\u00fd meeting na po\u010dest Josefa Odlo\u017eila, olympijsk\u00e9ho medailisty a sv\u011btov\u00e9ho rekordmana.\" \/>\n<meta property=\"og:url\" content=\"https:\/\/www.memorial-odlozil.cz\/?page_id=2662\" \/>\n<meta property=\"og:site_name\" content=\"Memori\u00e1l Josefa Odlo\u017eila\" \/>\n<meta property=\"article:modified_time\" content=\"2025-06-05T07:32:40+00:00\" \/>\n<meta property=\"og:image\" content=\"http:\/\/www.memorial-odlozil.cz\/app\/uploads\/0001-1.jpg\" \/>\n<meta name=\"twitter:card\" content=\"summary_large_image\" \/>\n<script type=\"application\/ld+json\" class=\"yoast-schema-graph\">{\"@context\":\"https:\/\/schema.org\",\"@graph\":[{\"@type\":\"WebPage\",\"@id\":\"https:\/\/www.memorial-odlozil.cz\/?page_id=2662\",\"url\":\"https:\/\/www.memorial-odlozil.cz\/?page_id=2662\",\"name\":\"V\u00fdsledky MJO 2025 &mdash; Memori\u00e1l Josefa Odlo\u017eila\",\"isPartOf\":{\"@id\":\"https:\/\/www.memorial-odlozil.cz\/#website\"},\"datePublished\":\"2025-06-05T07:20:40+00:00\",\"dateModified\":\"2025-06-05T07:32:40+00:00\",\"description\":\"Atletick\u00fd meeting na po\u010dest Josefa Odlo\u017eila, olympijsk\u00e9ho medailisty a sv\u011btov\u00e9ho rekordmana.\",\"breadcrumb\":{\"@id\":\"https:\/\/www.memorial-odlozil.cz\/?page_id=2662#breadcrumb\"},\"inLanguage\":\"cs\",\"potentialAction\":[{\"@type\":\"ReadAction\",\"target\":[\"https:\/\/www.memorial-odlozil.cz\/?page_id=2662\"]}]},{\"@type\":\"BreadcrumbList\",\"@id\":\"https:\/\/www.memorial-odlozil.cz\/?page_id=2662#breadcrumb\",\"itemListElement\":[{\"@type\":\"ListItem\",\"position\":1,\"name\":\"Dom\u016f\",\"item\":\"https:\/\/www.memorial-odlozil.cz\/\"},{\"@type\":\"ListItem\",\"position\":2,\"name\":\"V\u00fdsledky MJO 2025\"}]},{\"@type\":\"WebSite\",\"@id\":\"https:\/\/www.memorial-odlozil.cz\/#website\",\"url\":\"https:\/\/www.memorial-odlozil.cz\/\",\"name\":\"Memori\u00e1l Josefa Odlo\u017eila\",\"description\":\"Obsah meta description\",\"publisher\":{\"@id\":\"https:\/\/www.memorial-odlozil.cz\/#organization\"},\"potentialAction\":[{\"@type\":\"SearchAction\",\"target\":{\"@type\":\"EntryPoint\",\"urlTemplate\":\"https:\/\/www.memorial-odlozil.cz\/?s={search_term_string}\"},\"query-input\":\"required name=search_term_string\"}],\"inLanguage\":\"cs\"},{\"@type\":\"Organization\",\"@id\":\"https:\/\/www.memorial-odlozil.cz\/#organization\",\"name\":\"Memori\u00e1l Josefa Odlo\u017eila\",\"url\":\"https:\/\/www.memorial-odlozil.cz\/\",\"logo\":{\"@type\":\"ImageObject\",\"inLanguage\":\"cs\",\"@id\":\"https:\/\/www.memorial-odlozil.cz\/#\/schema\/logo\/image\/\",\"url\":\"https:\/\/www.memorial-odlozil.cz\/app\/uploads\/cropped-02077226-1.jpeg\",\"contentUrl\":\"https:\/\/www.memorial-odlozil.cz\/app\/uploads\/cropped-02077226-1.jpeg\",\"width\":246,\"height\":178,\"caption\":\"Memori\u00e1l Josefa Odlo\u017eila\"},\"image\":{\"@id\":\"https:\/\/www.memorial-odlozil.cz\/#\/schema\/logo\/image\/\"}}]}<\/script>\n","yoast_head_json":{"title":"V\u00fdsledky MJO 2025 &mdash; Memori\u00e1l Josefa Odlo\u017eila","description":"Atletick\u00fd meeting na po\u010dest Josefa Odlo\u017eila, olympijsk\u00e9ho medailisty a sv\u011btov\u00e9ho rekordmana.","robots":{"index":"index","follow":"follow","max-snippet":"max-snippet:-1","max-image-preview":"max-image-preview:large","max-video-preview":"max-video-preview:-1"},"canonical":"https:\/\/www.memorial-odlozil.cz\/?page_id=2662","og_locale":"cs_CZ","og_type":"article","og_title":"V\u00fdsledky MJO 2025 &mdash; Memori\u00e1l Josefa Odlo\u017eila","og_description":"Atletick\u00fd meeting na po\u010dest Josefa Odlo\u017eila, olympijsk\u00e9ho medailisty a sv\u011btov\u00e9ho rekordmana.","og_url":"https:\/\/www.memorial-odlozil.cz\/?page_id=2662","og_site_name":"Memori\u00e1l Josefa Odlo\u017eila","article_modified_time":"2025-06-05T07:32:40+00:00","og_image":[{"url":"http:\/\/www.memorial-odlozil.cz\/app\/uploads\/0001-1.jpg"}],"twitter_card":"summary_large_image","schema":{"@context":"https:\/\/schema.org","@graph":[{"@type":"WebPage","@id":"https:\/\/www.memorial-odlozil.cz\/?page_id=2662","url":"https:\/\/www.memorial-odlozil.cz\/?page_id=2662","name":"V\u00fdsledky MJO 2025 &mdash; Memori\u00e1l Josefa Odlo\u017eila","isPartOf":{"@id":"https:\/\/www.memorial-odlozil.cz\/#website"},"datePublished":"2025-06-05T07:20:40+00:00","dateModified":"2025-06-05T07:32:40+00:00","description":"Atletick\u00fd meeting na po\u010dest Josefa Odlo\u017eila, olympijsk\u00e9ho medailisty a sv\u011btov\u00e9ho rekordmana.","breadcrumb":{"@id":"https:\/\/www.memorial-odlozil.cz\/?page_id=2662#breadcrumb"},"inLanguage":"cs","potentialAction":[{"@type":"ReadAction","target":["https:\/\/www.memorial-odlozil.cz\/?page_id=2662"]}]},{"@type":"BreadcrumbList","@id":"https:\/\/www.memorial-odlozil.cz\/?page_id=2662#breadcrumb","itemListElement":[{"@type":"ListItem","position":1,"name":"Dom\u016f","item":"https:\/\/www.memorial-odlozil.cz\/"},{"@type":"ListItem","position":2,"name":"V\u00fdsledky MJO 2025"}]},{"@type":"WebSite","@id":"https:\/\/www.memorial-odlozil.cz\/#website","url":"https:\/\/www.memorial-odlozil.cz\/","name":"Memori\u00e1l Josefa Odlo\u017eila","description":"Obsah meta description","publisher":{"@id":"https:\/\/www.memorial-odlozil.cz\/#organization"},"potentialAction":[{"@type":"SearchAction","target":{"@type":"EntryPoint","urlTemplate":"https:\/\/www.memorial-odlozil.cz\/?s={search_term_string}"},"query-input":"required name=search_term_string"}],"inLanguage":"cs"},{"@type":"Organization","@id":"https:\/\/www.memorial-odlozil.cz\/#organization","name":"Memori\u00e1l Josefa Odlo\u017eila","url":"https:\/\/www.memorial-odlozil.cz\/","logo":{"@type":"ImageObject","inLanguage":"cs","@id":"https:\/\/www.memorial-odlozil.cz\/#\/schema\/logo\/image\/","url":"https:\/\/www.memorial-odlozil.cz\/app\/uploads\/cropped-02077226-1.jpeg","contentUrl":"https:\/\/www.memorial-odlozil.cz\/app\/uploads\/cropped-02077226-1.jpeg","width":246,"height":178,"caption":"Memori\u00e1l Josefa Odlo\u017eila"},"image":{"@id":"https:\/\/www.memorial-odlozil.cz\/#\/schema\/logo\/image\/"}}]}},"_links":{"self":[{"href":"https:\/\/www.memorial-odlozil.cz\/index.php?rest_route=\/wp\/v2\/pages\/2662","targetHints":{"allow":["GET"]}}],"collection":[{"href":"https:\/\/www.memorial-odlozil.cz\/index.php?rest_route=\/wp\/v2\/pages"}],"about":[{"href":"https:\/\/www.memorial-odlozil.cz\/index.php?rest_route=\/wp\/v2\/types\/page"}],"author":[{"embeddable":true,"href":"https:\/\/www.memorial-odlozil.cz\/index.php?rest_route=\/wp\/v2\/users\/5"}],"replies":[{"embeddable":true,"href":"https:\/\/www.memorial-odlozil.cz\/index.php?rest_route=%2Fwp%2Fv2%2Fcomments&post=2662"}],"version-history":[{"count":13,"href":"https:\/\/www.memorial-odlozil.cz\/index.php?rest_route=\/wp\/v2\/pages\/2662\/revisions"}],"predecessor-version":[{"id":2700,"href":"https:\/\/www.memorial-odlozil.cz\/index.php?rest_route=\/wp\/v2\/pages\/2662\/revisions\/2700"}],"wp:attachment":[{"href":"https:\/\/www.memorial-odlozil.cz\/index.php?rest_route=%2Fwp%2Fv2%2Fmedia&parent=2662"}],"curies":[{"name":"wp","href":"https:\/\/api.w.org\/{rel}","templated":true}]}}